{"id":447,"date":"2013-06-06T12:29:04","date_gmt":"2013-06-06T15:29:04","guid":{"rendered":"http:\/\/www.rosarioburletes.com.ar\/website\/?page_id=447"},"modified":"2013-06-06T12:29:04","modified_gmt":"2013-06-06T15:29:04","slug":"glosario","status":"publish","type":"page","link":"https:\/\/www.rosarioburletes.com.ar\/website\/productos\/glosario\/","title":{"rendered":"Glosario"},"content":{"rendered":"<p><strong>Cargas:<\/strong><\/p>\n<p><span style=\"text-decoration: underline;\">Reforzantes<\/span>: Se emplean por razones t\u00e9cnicas para aumentar la resistencia mec\u00e1nica del vulcanizado.<\/p>\n<p><span style=\"text-decoration: underline;\">Diluyente<\/span>s: Se utilizan por razones puramente econ\u00f3micas.<\/p>\n<p><strong>Compuesto polar:<\/strong> Tiende a orientarse en una direcci\u00f3n preferente al someterlo a un campo el\u00e9ctrico.<\/p>\n<p><strong>Dureza:<\/strong> Indicador de la rigidez de una goma frente a esfuerzos moderados. El m\u00e9todo m\u00e1s popular es el Shore A, basado en la medici\u00f3n de la penetraci\u00f3n de una punta troncoc\u00f3nica en contra de la reacci\u00f3n de un resorte met\u00e1lico calibrado.<\/p>\n<p><strong>Extrusi\u00f3n:<\/strong> Proceso de conformaci\u00f3n de una mezcla cruda, en el que \u00e9sta es forzada a pasar por una boquilla de una forma determinada, impulsada por el giro de un tornillo en una c\u00e1mara cil\u00edndrica.<\/p>\n<p><strong>Hist\u00e9resis:<\/strong> Fracci\u00f3n de energ\u00eda suministrada para producir una deformaci\u00f3n que es absorbida por la goma y transformada en calor. Es el complemento de la resiliencia.<\/p>\n<p><strong>Inyecci\u00f3n:<\/strong> Introducci\u00f3n de una mezcla a presi\u00f3n en la cavidad de un molde previamente cerrado. La unidad de inyecci\u00f3n realiza adem\u00e1s una plastificaci\u00f3n y calentamiento previos de la mezcla, antes de su introducci\u00f3n en el molde.<\/p>\n<p><strong>Moldeo por compresi\u00f3n:<\/strong> Introducci\u00f3n de una cantidad adecuada de mezcla en la cavidad de un molde, seguidamente se cierra el molde bajo una fuerza de compresi\u00f3n, con lo que la mezcla se distribuye y llena la cavidad del molde.<\/p>\n<p><strong>Pol\u00edmero:<\/strong> Material resultante de la uni\u00f3n qu\u00edmica de un gran n\u00famero de mol\u00e9culas de uno o varios productos qu\u00edmicos m\u00e1s sencillos (mon\u00f3meros). Si est\u00e1 constituido por un solo mon\u00f3mero se le llama homopol\u00edmero, por dos mon\u00f3meros diferentes copol\u00edmero, por tres mon\u00f3meros diferentes terpol\u00edmero.<\/p>\n<p><strong>Postcurado\/Postvulcanizaci\u00f3n:<\/strong> Tratamiento t\u00e9rmico posterior a la vulcanizaci\u00f3n para eliminar los productos indeseables de \u00e9sta.<\/p>\n<p><strong>Re\u00f3metro:<\/strong> Instrumento utilizado para evaluar el comportamiento del material durante la vulcanizaci\u00f3n.<\/p>\n<p><strong>Resiliencia:<\/strong> Relaci\u00f3n entre la energ\u00eda restituida despu\u00e9s de una deformaci\u00f3n y la energ\u00eda total suministrada para producir dicha deformaci\u00f3n.<\/p>\n<p><strong>Vulcanizaci\u00f3n\/Curado:<\/strong> Transformaci\u00f3n de un material relativamente pl\u00e1stico (caucho crudo), en un material altamente el\u00e1stico (caucho vulcanizado).<\/p>\n","protected":false},"excerpt":{"rendered":"<p>Cargas: Reforzantes: Se emplean por razones t\u00e9cnicas para aumentar la resistencia mec\u00e1nica del vulcanizado. Diluyentes: Se utilizan por razones puramente econ\u00f3micas. Compuesto polar: Tiende a orientarse<span class=\"excerpt-hellip\"> [\u2026]<\/span><\/p>\n","protected":false},"author":3,"featured_media":0,"parent":6,"menu_order":0,"comment_status":"open","ping_status":"open","template":"","meta":{"_exactmetrics_skip_tracking":false,"_exactmetrics_sitenote_active":false,"_exactmetrics_sitenote_note":"","_exactmetrics_sitenote_category":0,"_joinchat":[],"footnotes":""},"class_list":["post-447","page","type-page","status-publish","hentry"],"_links":{"self":[{"href":"https:\/\/www.rosarioburletes.com.ar\/website\/wp-json\/wp\/v2\/pages\/447","targetHints":{"allow":["GET"]}}],"collection":[{"href":"https:\/\/www.rosarioburletes.com.ar\/website\/wp-json\/wp\/v2\/pages"}],"about":[{"href":"https:\/\/www.rosarioburletes.com.ar\/website\/wp-json\/wp\/v2\/types\/page"}],"author":[{"embeddable":true,"href":"https:\/\/www.rosarioburletes.com.ar\/website\/wp-json\/wp\/v2\/users\/3"}],"replies":[{"embeddable":true,"href":"https:\/\/www.rosarioburletes.com.ar\/website\/wp-json\/wp\/v2\/comments?post=447"}],"version-history":[{"count":2,"href":"https:\/\/www.rosarioburletes.com.ar\/website\/wp-json\/wp\/v2\/pages\/447\/revisions"}],"predecessor-version":[{"id":449,"href":"https:\/\/www.rosarioburletes.com.ar\/website\/wp-json\/wp\/v2\/pages\/447\/revisions\/449"}],"up":[{"embeddable":true,"href":"https:\/\/www.rosarioburletes.com.ar\/website\/wp-json\/wp\/v2\/pages\/6"}],"wp:attachment":[{"href":"https:\/\/www.rosarioburletes.com.ar\/website\/wp-json\/wp\/v2\/media?parent=447"}],"curies":[{"name":"wp","href":"https:\/\/api.w.org\/{rel}","templated":true}]}}