{"id":7,"date":"2013-04-09T15:13:28","date_gmt":"2013-04-09T18:13:28","guid":{"rendered":"http:\/\/69.61.21.122\/~rosariob\/website\/?page_id=7"},"modified":"2024-04-30T12:02:22","modified_gmt":"2024-04-30T15:02:22","slug":"contacto","status":"publish","type":"page","link":"https:\/\/www.rosarioburletes.com.ar\/website\/contacto\/","title":{"rendered":"Informaci\u00f3n de Contacto"},"content":{"rendered":"<p><strong>CONTACTO POR DEPARTAMENTO<\/strong><\/p>\n<p><span style=\"line-height: 1.714285714; font-size: 1rem;\">GERENCIA<\/span><br \/>\nDiego Cisneros<br \/>\ndiego.cisneros@rosarioburletes.com.ar<\/p>\n<p>Natalia Cisneros<br \/>\nnatalia.cisneros@rosarioburletes.com.ar<\/p>\n<p>DIRECCI\u00d3N<br \/>\nSergio Gelles<br \/>\nsergio.gelles@rosarioburletes.com.ar<\/p>\n<p>VENTAS<br \/>\nVer\u00f3nica Silva<br \/>\nventas@rosarioburletes.com.ar<\/p>\n<p>ADMINISTRACI\u00d3N<br \/>\nadministracion@rosarioburletes.com.ar<\/p>\n<p>&nbsp;<\/p>\n","protected":false},"excerpt":{"rendered":"<p>CONTACTO POR DEPARTAMENTO GERENCIA Diego Cisneros diego.cisneros@rosarioburletes.com.ar Natalia Cisneros natalia.cisneros@rosarioburletes.com.ar DIRECCI\u00d3N Sergio Gelles sergio.gelles@rosarioburletes.com.ar VENTAS Ver\u00f3nica Silva ventas@rosarioburletes.com.ar ADMINISTRACI\u00d3N administracion@rosarioburletes.com.ar &nbsp;<\/p>\n","protected":false},"author":2,"featured_media":0,"parent":0,"menu_order":0,"comment_status":"closed","ping_status":"closed","template":"","meta":{"_exactmetrics_skip_tracking":false,"_exactmetrics_sitenote_active":false,"_exactmetrics_sitenote_note":"","_exactmetrics_sitenote_category":0,"_joinchat":[],"footnotes":""},"class_list":["post-7","page","type-page","status-publish","hentry"],"_links":{"self":[{"href":"https:\/\/www.rosarioburletes.com.ar\/website\/wp-json\/wp\/v2\/pages\/7","targetHints":{"allow":["GET"]}}],"collection":[{"href":"https:\/\/www.rosarioburletes.com.ar\/website\/wp-json\/wp\/v2\/pages"}],"about":[{"href":"https:\/\/www.rosarioburletes.com.ar\/website\/wp-json\/wp\/v2\/types\/page"}],"author":[{"embeddable":true,"href":"https:\/\/www.rosarioburletes.com.ar\/website\/wp-json\/wp\/v2\/users\/2"}],"replies":[{"embeddable":true,"href":"https:\/\/www.rosarioburletes.com.ar\/website\/wp-json\/wp\/v2\/comments?post=7"}],"version-history":[{"count":24,"href":"https:\/\/www.rosarioburletes.com.ar\/website\/wp-json\/wp\/v2\/pages\/7\/revisions"}],"predecessor-version":[{"id":423,"href":"https:\/\/www.rosarioburletes.com.ar\/website\/wp-json\/wp\/v2\/pages\/7\/revisions\/423"}],"wp:attachment":[{"href":"https:\/\/www.rosarioburletes.com.ar\/website\/wp-json\/wp\/v2\/media?parent=7"}],"curies":[{"name":"wp","href":"https:\/\/api.w.org\/{rel}","templated":true}]}}